- n + 0*n + a = 0, 5*p + 4*n - 57 = 0. List the prime factors of p.
3
Let t(i) = -22*i**2 - 14*i - 3. Let f(u) = -7*u**2 - 1. Let x(w) = -3*f(w) + t(w). Let d be 4*2/(-4)*3. What are the prime factors of x(d)?
2, 3
Let d = 7 + -5. Let s(r) = -r**2 - 17*r + 146. Let v be s(-23). What are the prime factors of 61/d - 4/v?
2, 3, 5
Let v be 1 + 5 - 0/(6 + -9). What are the prime factors of (-111)/v*-8 - 1?
3, 7
Let w(q) = 3*q**3 - 10*q**2 + 38*q - 7. Let b(g) = -g**3 + 3*g**2 - 13*g + 2. Let x(v) = 17*b(v) + 6*w(v). List the prime factors of x(9).
5, 11
Let a(g) = -5*g - 8. Suppose 7*t - 12 = -54. List the prime factors of a(t).
2, 11
Suppose 0*f - f - 2 = 0. Let y be (2 + -3 - -2)*f. What are the prime factors of (68/(2 + -3))/y?
2, 17
List the prime factors of ((-64)/(-3))/(-8)*(-13686)/8.
2, 2281
Suppose 0 = 10*s - 12*s + 56. Suppose -36 = 5*p + h, p - 3*h = -p - s. What are the prime factors of (p/(-4) + 7)*1?
3
Suppose 0*l + 4*l = -0*l. Suppose -3*f - 2*f - 4*j + 275 = 0, 4*j = l. What are the prime factors of f?
5, 11
Let q = 38 + -20. Let h = q + -13. Let y(k) = -k**3 + 8*k**2 - 7*k. What are the prime factors of y(h)?
2, 5
What are the prime factors of (2 - (1 - 2)) + 376 + 16?
5, 79
Let h = -64 + 72. Suppose -h*l - 66 + 2370 = 0. List the prime factors of l.
2, 3
What are the prime factors of -29 + 35 - (-5)/((-10)/(-2508))?
2, 3, 5, 7
Let o = 11 - 11. Let f be (o + -3 - -6) + 0. Suppose -4*z + 61 = -f. What are the prime factors of z?
2
Let k(s) = 1674*s**2 - 217*s + 217. Let b(p) = -31*p**2 + 4*p - 4. Let f(x) = -217*b(x) - 4*k(x). What are the prime factors of f(1)?
31
Let a be 1/(-2)*(-3 - -65). Let o = 115 - 53. Let i = o + a. List the prime factors of i.
31
Suppose -8*k = -5*k + 3*h - 5424, 0 = 2*h + 6. What are the prime factors of k?
1811
Suppose -3*h = 3*h - 24. Suppose 25 = -h*d + 89. What are the prime factors of d?
2
Suppose -3*s + 699 = 3*j, 3*j + 1299 = 5*s + 150. What are the prime factors of s?
3, 7, 11
Let y be (-30)/(-4)*2/9*-3. Let m(p) = 6 + 2*p - 6*p - 8 + 5. List the prime factors of m(y).
23
Let g = 402 + -145. Suppose 5*j + k = g, 0 = -3*j + k + 151. List the prime factors of j.
3, 17
Let x(m) = -m**3 - 8*m**2 + m + 13. Let d be (24/(-10))/((-21)/280). Suppose -2*q + d = -6*q. What are the prime factors of x(q)?
5
Let w(a) = a + 18. Let f be w(-15). Let q be 2*(-1 + 4) - f. Suppose q*t - 34 = 17. What are the prime factors of t?
17
Let q = 25 - 20. Let x(n) = n**3 - n**2 + 5*n - 13. List the prime factors of x(q).
2, 7
Let n(i) = -2*i + 2. Let j be n(3). Let z be j/8*48/(-1). Let a = -14 + z. List the prime factors of a.
2, 5
Suppose 13*w = 16*w - 12. Let c(o) = 6*o**3 - 6*o**2 + 10*o - 14. List the prime factors of c(w).
2, 157
Let m(r) = -12*r - 35. Let p be m(-9). Suppose c + p = 2*c + o, 0 = -3*c + 2*o + 244. What are the prime factors of c?
2, 3, 13
Let f(q) = q**3 + 24*q**2 - q + 246. List the prime factors of f(-22).
2, 3, 103
Suppose 0*f - 15 = f. Let b = 29 + f. Suppose 0 = b*q - 12*q - 76. List the prime factors of q.
2, 19
Suppose 5*o + 5*j = -0*j + 25, 2*j = 3*o. What are the prime factors of (o - 69/(-2))*(1 + 1)?
73
Let n(v) = -v**3 + 32*v**2 + 33*v + 13. Let r be n(33). List the prime factors of (-306)/8*(-52)/r.
3, 17
Let n = -1195 + 2678. List the prime factors of n.
1483
Suppose -5*b - 4*h = 15 + 23, 4 = -2*h. Let g be ((-3)/b)/(3/(-18)). Let j = g - -10. What are the prime factors of j?
7
Suppose -5*u = -11 + 1. Suppose -2*a = m + 5, -9 = -3*a + u*m + 1. Suppose 5*z + 67 - 207 = a. What are the prime factors of z?
2, 7
Let g = 113 - 83. Suppose 0 = 4*p - g - 122. What are the prime factors of p?
2, 19
Let b(q) be the second derivative of q**3/2 - 6*q. What are the prime factors of b(11)?
3, 11
Let l = -144 - -296. Suppose 6*v - 2*v - l = 0. List the prime factors of v.
2, 19
Let w be 524/12 - (-4)/(-6). Let l = w + -33. List the prime factors of l.
2, 5
Suppose 5*j + 2567 = 2*k + 8*j, 0 = 4*j + 20. List the prime factors of k.
1291
Suppose 0 = -15*l - 5*l + 180. What are the prime factors of l?
3
Suppose -x = -548 + 213. Suppose 4*v - i - 2*i = 268, 4*i = -5*v + x. List the prime factors of v.
67
Let j(m) = m**3 + 27*m**2 - 24*m + 8. List the prime factors of j(-27).
2, 41
Let p = -44 - -50. Let m(y) = y**2 + 7*y + 8. List the prime factors of m(p).
2, 43
Suppose -5*h = 10*k - 7*k - 9725, -20 = -4*k. List the prime factors of h.
2, 971
Let s = 8 + 42. Suppose -s = 3*y + 34. Let n = 14 - y. What are the prime factors of n?
2, 3, 7
Suppose 0 = -35*r - 3534 + 33389. List the prime factors of r.
853
Suppose 4*r + 2*x - 5596 = 0, -x = r - 100 - 1299. List the prime factors of r.
1399
Suppose 5*n + 2*c + 6 = 2*n, 5*c = -3*n + 3. Let p be 58/(-10)*(n - 1). Let f = p - -7. What are the prime factors of f?
2, 3
Suppose -5*k + 1012 = -538. Suppose 10 = 2*p, b = 3*b + 2*p - k. What are the prime factors of b?
2, 3, 5
Let h(n) = -4*n + 45. Let t be 8/28 + (-4)/14. List the prime factors of h(t).
3, 5
Let m(u) = 7*u + 340. List the prime factors of m(9).
13, 31
Suppose -12*h = -7*h - 2265. List the prime factors of h.
3, 151
Suppose 0 = 3*w - 546 - 1224. What are the prime factors of w?
2, 5, 59
Let t = -1845 - -210. Let x be 4/14 - t/35. Let r = x - 10. List the prime factors of r.
37
Suppose 2*t - 2686 = 2*q + 192, -4*t + 5*q = -5761. What are the prime factors of t?
2, 3, 239
Suppose 35 = 3*u + 11. Suppose u*h = 9*h - 19. What are the prime factors of h?
19
List the prime factors of (-15)/(-135) - (-24191)/9.
2, 3, 7
Suppose 0 = -l - 3*k - 62, 2*l + 160 = -k + 21. Let q = 81 + l. List the prime factors of q.
2, 5
List the prime factors of 3/(-5) + 753601/535.
2, 11
Let k(l) = -2*l**3 + 2*l**2 - 14*l - 33. What are the prime factors of k(-3)?
3
Let v = 1927 - 1644. What are the prime factors of v?
283
Let i(c) = 6*c**2 + c + 1655. List the prime factors of i(0).
5, 331
Let m be 184*(-3)/24*-4. Let v = m - 8. List the prime factors of v.
2, 3, 7
Let x = 414 - 247. List the prime factors of x.
167
Suppose 2*u = 7*u - 360. What are the prime factors of u?
2, 3
Let v = 27 + -9. Suppose -2*u - v = u. What are the prime factors of (44/u)/(14/(-21))?
11
Let f be (-25)/(-10) + (-3)/(-2). Suppose 83 = x - 5*m - 24, 0 = -x - f*m + 71. What are the prime factors of x?
3, 29
Suppose -7*d - 148 = 482. What are the prime factors of ((-16)/(-12))/((-4)/d)?
2, 3, 5
Suppose 13*q - 8467 - 4169 = 0. What are the prime factors of q?
2, 3
What are the prime factors of (602/(-28) + -7)/((-3)/82)?
19, 41
Suppose -6 = -s + 4*h + 12, -20 = -3*s - 5*h. What are the prime factors of (14 - s) + 134*2?
2, 17
Suppose 203*g = 210*g - 7581. List the prime factors of g.
3, 19
Let l(t) = -t + 19. Let o be l(15). Suppose 4*r + o = 0, -5*f = -3*f - r - 77. List the prime factors of f.
2, 19
Let j(h) = 933*h**3 + h - 2. Let g be j(1). Let w be 6/15 + g/20. Suppose 3*c + 2 - w = 0. What are the prime factors of c?
3, 5
Suppose 0 = 8*q - 17*q + 1359. What are the prime factors of q?
151
Suppose 2*p + 5*z = 5*p - 26, 2*z - 4 = 0. Let j = p - -40. List the prime factors of j.
2, 13
Let a(b) = b**3 + 22*b**2 - 10*b + 13. What are the prime factors of a(-19)?
2, 643
Suppose -2*o - 2 = -3*o. Suppose -o*d + 17 = 1. What are the prime factors of d/36 - (-403)/9?
3, 5
Let t be 136/(2 + 1 - 2). Let l = -59 + t. What are the prime factors of l?
7, 11
Let c be 27 + 5/((-15)/(-9)). Let r = c - 32. List the prime factors of r/(-7) + (-66)/(-14).
5
Let n(t) = 4 + 0 - 3*t - 4 - 12. Let v = -13 + 3. What are the prime factors of n(v)?
2, 3
Let y(p) = 163*p + 23. What are the prime factors of y(2)?
349
Suppose -3*i + 7*i = -36. What are the prime factors of (163/(-3))/(3/i)?
163
Let c = -17 + 37. Suppose -c = -3*o - o. Suppose 39 = o*t - 131. What are the prime factors of t?
2, 17
Suppose 4*n - 11286 = 5*x, 201*n - 204*n + 4*x + 8465 = 0. List the prime factors of n.
2819
Let t(d) = d**2 - 7*d + 1 - 5*d - 6. What are the prime factors of t(15)?
2, 5
Let f(j) = 13*j**2 - 38*j - 38. List the prime factors of f(-13).
7, 379
Let h(k) = -k**3 - 10*k**2 - 4*k - 25. Let p(a) = -a**2 - 15*a - 11. Let n be p(-15). What are the prime factors of h(n)?
2, 5, 7
Suppose 8728 = 3*c + 5*q, 4*c + 2*q = 6*q + 11680. List the prime factors of c.
2, 3
Suppose -3*d = -2*v + 60, 